*p**2 + 3*p + 39. Calculate the remainder when m(c) is divided by 7.
4
Let r(o) = 14*o - 177. Calculate the remainder when r(16) is divided by 12.
11
Calculate the remainder when (6/24)/(1/104) is divided by 21.
5
Suppose 9*v + 10 = 4*v. Let t(n) be the second derivative of n**4/3 - 5*n**3/6 - n**2 + 2*n. What is the remainder when t(v) is divided by 13?
11
Let a(f) = 10 + 9*f - 14*f + 6*f. Suppose 28 = 4*c - 0*c - 5*o, -c - 18 = 5*o. What is the remainder when a(-6) is divided by c?
0
Suppose -4*y + p = 12 - 30, -3*p + 1 = -y. Suppose 147 = -0*j + 7*j. What is the remainder when j is divided by 2/(-1) - (y + -13)?
3
Suppose -2*a = 4*u + 10 - 28, -4*u = 5*a - 21. Let n be a + -1 + -1 - -1. Calculate the remainder when 87 is divided by (1 + n)/(4/88).
21
Suppose -66*o + 56*o = -1290. Calculate the remainder when 500 is divided by o.
113
Suppose -24*n + 780 = 2*n. Let s(l) = l**3 + 3*l**2 - 3*l + 3. What is the remainder when n is divided by s(-3)?
6
Suppose 0 = 4*n + 5*p - 67, -4*n - 29 = 2*p - 111. What is the remainder when 344 is divided by n?
22
Let r(s) = -s**2 - 21*s - 3. Calculate the remainder when 30 is divided by r(-20).
13
Suppose 93*c - 91*c = -36. Let n = c - -83. Calculate the remainder when n is divided by 19.
8
Let g = -15 + -7. Let u = 100 + -61. Let z = g + u. Calculate the remainder when 49 is divided by z.
15
Suppose -5*j = -15, -2*j + 63 + 75 = 3*v. What is the remainder when 300 is divided by v?
36
Calculate the remainder when 173 is divided by (-1*1 + 47)*(58 - 57).
35
What is the remainder when 16 is divided by (-299)/184*(33/(-3) + 3)?
3
Let s(u) be the first derivative of u**4/2 + u**3 - u**2/2 - 7*u + 4. What is the remainder when s(3) is divided by 37?
34
Let o(g) = g**2 + 7*g + 22. What is the remainder when 36 is divided by o(-6)?
4
What is the remainder when 21 is divided by (10 + -3)*(-40)/(-35)?
5
Suppose 3175*l = 3188*l - 143. Let b(w) = 2*w - 3. Calculate the remainder when l is divided by b(3).
2
Let s be (-5)/5 + 1*-16. Let j = 15 + s. Calculate the remainder when 7 is divided by 32/(-20)*5/j.
3
Let h(a) = a**3 - 2*a**2 - 17*a + 21. Suppose -2*l + 54 = y + 3*y, -y + 39 = 2*l. Calculate the remainder when h(6) is divided by l.
12
Let g(a) = a**3 + 6*a**2 - 5*a + 4. Suppose -10*i + 1344 = 5*b - 7*i, 0 = b + 3*i - 276. What is the remainder when b is divided by g(-5)?
51
Let n = 31 - 17. Let u(o) = 5*o**2 + 3. Let k be u(6). Let y = k + -115. Calculate the remainder when y is divided by n.
12
Let t(k) = -25*k**3 - 3 + 4*k - 10*k**2 - 4 + 24*k**3. Let l be t(-11). Let j = -31 + l. What is the remainder when j is divided by 14?
11
Suppose -4*k + 933 = 3*t, -7*t - 3*k = -11*t + 1219. What is the remainder when t is divided by 77?
76
Let o = -18 + 46. What is the remainder when 95 is divided by o?
11
Suppose -5*k - 65 = 3*y + 104, 4*k = 2*y + 76. Let p = 84 + y. Calculate the remainder when (8 - p)/((-2)/4) is divided by 19.
18
Let b(v) = -30*v - 49. Let d(l) = -20*l - 33. Let q(w) = -5*b(w) + 8*d(w). Suppose 3*c + 4*c = -42. Calculate the remainder when q(c) is divided by 11.
8
Let t = 63 - 20. Let q(b) = b**3 + 17*b**2 + 9*b + 12. What is the remainder when q(-16) is divided by t?
38
What is the remainder when 9/(-9 + 9144/1014) is divided by 10?
7
Suppose m - 535 - 99 = 0. Suppose 15*t + 918 = 49*t. Calculate the remainder when m/6 - 3/(-9) is divided by t.
25
Suppose 0 = -4837*b + 4829*b + 208. What is the remainder when 519 is divided by b?
25
Let a be (12/7)/((-4)/(-14)). Suppose 3*t = a*t - 3, 2*p = -4*t + 24. Calculate the remainder when 37 is divided by p.
7
Suppose 2*x + 5 + 3 = 0. Let h = 19 - 2. What is the remainder when h is divided by (-9)/(-1 + 2/x)?
5
Suppose q = -4 + 1. Let c(p) = 3*p**2 + 5*p + 2. Let m(z) = 4*z + 165. What is the remainder when m(-35) is divided by c(q)?
11
Let q be (-30)/25*(-10)/4. What is the remainder when (-18)/(-6 - (-85)/15) is divided by q/(9/42) - 0?
12
Suppose n - 18 = -5*r + 33, 5*r = -2*n + 52. Calculate the remainder when 39 is divided by r.
9
Let w(x) = -3*x - 49. Let q(j) = -7*j - 99. Let a(b) = 2*q(b) - 5*w(b). Let d(u) = 2*u**2 - u - 3. Calculate the remainder when a(12) is divided by d(3).
11
What is the remainder when 302 is divided by (12/10)/((-2)/(-85))?
47
Let t(d) = 5*d**3 - 2*d - 1. Let l be t(-1). Suppose 4*n + 8941 = 8993. Calculate the remainder when (-183)/l - 4/(-16) is divided by n.
7
Suppose -18*z = -730 - 728. Calculate the remainder when 221 is divided by z.
59
Let r = -88 + 128. Suppose o + t - r = 0, -13 = 3*o - t - 129. Let u(z) = z**3 - 7*z**2 + 2*z - 3. What is the remainder when o is divided by u(7)?
6
Let k be (2/4)/((-4)/(-240)). Calculate the remainder when -4 - (-6)/(k/175) is divided by 16.
15
Let v(d) = 2*d + 2. Let t be 140/44 - 4/22. Let n = 61 + -46. What is the remainder when n is divided by v(t)?
7
What is the remainder when 41396/474*18/4 is divided by 57?
51
Let k(f) be the first derivative of 3*f**2/2 + 3*f + 1. Let r = 397 - 392. Calculate the remainder when k(7) is divided by r.
4
Let z(w) = 7*w + 5. Let q(t) = -t - 1. Let v(m) = 4*q(m) + z(m). Suppose 2*u - 67 = 9. What is the remainder when u is divided by v(4)?
12
Let l be 3*5/(-45)*-33. Calculate the remainder when 86 is divided by 0 - (-21 + -1) - (l - 13).
14
Let z(q) = -q**2 + 39*q - 30. Let d be z(27). Let p = 344 - d. Let g(a) = a**2 + 17. Calculate the remainder when p is divided by g(0).
16
Suppose -6*d + 14*d = 200. Let n = 46 - d. What is the remainder when 40 is divided by n?
19
Suppose -5*y = -5*s + 565, -39*y = 3*s - 35*y - 325. What is the remainder when s is divided by 48?
15
What is the remainder when 109 is divided by (12 + (-296)/28)/(2/28)?
9
Let t = -2 - -4. Suppose -y + 141 = t*y. Let l = y + -8. What is the remainder when l is divided by 10?
9
Suppose 0*q + 90 = -5*q. Let s = 14 + -9. What is the remainder when (-202)/q + 2/(-9) is divided by s?
1
Suppose 89 - 275 = 2*g + 5*b, -8 = 2*b. Let w = -78 - g. Calculate the remainder when 27 is divided by w.
2
Suppose 2*p = -3*p. Suppose -5*a + 6 = -3*h, p = h - 6*h + 15. Suppose -103 = -5*g - a*s, -4*g - 4*s + s + 80 = 0. What is the remainder when g is divided by 6?
5
Suppose -16*w + 6*w = -2650. Calculate the remainder when w is divided by 91.
83
Calculate the remainder when 408/32*(8 - 4) is divided by 40.
11
Let q be -16*(-15)/(-10)*(-2)/1. Suppose -37*k + q = -34*k. What is the remainder when 45 is divided by k?
13
Suppose 5*n + 62 = 272. Suppose -6*h + 3*h = -n. Suppose r + 1 - 5 = 0. What is the remainder when h is divided by r?
2
Let f(t) = 3*t**2 + 42. Calculate the remainder when f(-9) is divided by 41.
39
Suppose -5*z + 2*j = -33, 0 = 2*z - 5*j + 5 - 14. Calculate the remainder when 27 is divided by z.
6
Let s(z) be the second derivative of z**4/6 + z**3/2 - 4*z**2 + 8*z - 7. Let b = -2 - 2. What is the remainder when 46 is divided by s(b)?
10
Suppose 0 = -0*d + 3*d + 4*t - 14, -4*t = -3*d - 26. Let n be (9/d)/(2/(-20)). Calculate the remainder when (n/(-25))/((-2)/10) is divided by 6.
3
Let g = 1550 + -1532. What is the remainder when 104 is divided by g?
14
Let q(n) = -21*n**3 - 2*n**2 + 3*n + 3. Let l be q(-2). Let b = -96 + l. Let h(o) = 5*o - 19. Calculate the remainder when b is divided by h(8).
19
Let p = 70 - 66. Suppose 4*r - 4 = -3*c + 8*r, 0 = -r - 1. Suppose f - 1 = c, -4*v + 6 = -2*f - 0*f. What is the remainder when p is divided by v?
0
Let y(k) = 5*k**2 - 3*k - 2. Let x be y(3). Let s = x + -27. What is the remainder when s is divided by 3?
1
Calculate the remainder when (-102)/(55/(-22)*3/5) is divided by 13.
3
Let o(y) = 2*y**2 + 6*y + 15. Calculate the remainder when 222 is divided by o(-3).
12
Let n(l) = 3*l**2 + 61*l - 519. What is the remainder when 657 is divided by n(7)?
52
Let q = 31 + -26. Suppose -198 = -6*i + 120. What is the remainder when i is divided by q?
3
Let l(p) = 18*p + 3. What is the remainder when l(3) is divided by (29/2)/((-4)/(-8))?
28
Let h(y) = -5*y**3 + y**2 + 10*y + 12. Calculate the remainder when 71 is divided by h(-2).
35
Let a = -32 + 180. What is the remainder when a is divided by 38?
34
Let k = -257 + 281. What is the remainder when 44 is divided by k?
20
Let j = -4 - -5. Let w(o) = 41*o + 2. What is the remainder when 83 is divided by w(j